 Let v = y + -27. Calculate the remainder when 39 is divided by v.
18
Suppose -4*x + 242 = -6. Suppose x = 3*i + 2. What is the remainder when 38 is divided by i?
18
Suppose -5*j + 260 + 225 = 0. Suppose j = 3*i - f, -i - 19 = -2*i + 3*f. Let t(m) = m. Calculate the remainder when i is divided by t(12).
10
Calculate the remainder when 4/(9 - -3)*81 is divided by 7.
6
Let q = 35 + -26. Calculate the remainder when 61 is divided by q.
7
Let r be 10*(99/6 + -3). Suppose -s - 2*s + r = -5*x, -2*s + 88 = -4*x. Calculate the remainder when s is divided by 26.
24
Let o(u) = -u**2 + 9. Let t(v) = v**2 + 3*v + 5. Let g be t(-5). Suppose -40 = -y - g. What is the remainder when y is divided by o(0)?
7
Let u = 38 - 16. Suppose 0 = -5*k - 10, 2*i + 16 = -4*k - 12. Let y = -2 - i. What is the remainder when u is divided by y?
6
What is the remainder when (688/24)/((-3)/(-18)) is divided by 25?
22
Suppose p - 27 = 83. Calculate the remainder when p is divided by 37.
36
Let o(g) = -g**2 + 9*g - 6. Let y be o(8). Let x(t) = t**3 - 2*t**2 + 2*t - 3. What is the remainder when 1 is divided by x(y)?
0
Let c(n) = 3*n - 3. Let y(w) = w**2 - 6*w - 17. What is the remainder when y(9) is divided by c(2)?
1
Suppose 3*d = 4*t - 352, 0*d - 4*d = -5*t + 471. Let y = -42 - d. Let b = -57 + y. Calculate the remainder when b is divided by 9.
7
Let g be 4/(-2 + 128/63). Suppose g + 164 = -5*q. Calculate the remainder when 15 is divided by q/(-7) - 6/21.
7
Let k(i) = -3*i. Let s = 255 - 249. Calculate the remainder when s is divided by k(-1).
0
Suppose -n - 16 + 7 = 3*r, 0 = -3*r - 15. Let g = 44 - 28. Calculate the remainder when g is divided by n.
4
Let a = -1 - 1. Let i = 16 - -20. Calculate the remainder when 11 is divided by (a/3)/((-8)/i).
2
Let s(o) = -3*o**3 - o**2 + 3. Calculate the remainder when 89 is divided by s(-2).
20
Let j(m) = -2*m - 6. Let b = 28 + -18. What is the remainder when b is divided by j(-5)?
2
Let t be (-27)/18*8/(-3). Let u = 45 - t. What is the remainder when u is divided by 14?
13
Let d(f) = f**3 + f**2 - f - 1. Let l(a) = 5*a**3 + 6*a**2 - 7*a - 4. Let c(q) = 3*d(q) - l(q). What is the remainder when 47 is divided by c(-3)?
15
Let j(z) = 4*z**2 + 4*z + 2. Let k = 177 - 148. Calculate the remainder when k is divided by j(-2).
9
Suppose 41 = 3*w - 13. Suppose t = 4*t - w. What is the remainder when 21 is divided by t?
3
Let i be 4/(-18) + (-202)/(-18). Let y = i + -8. Let d(r) = 2*r - 2. What is the remainder when d(3) is divided by y?
1
What is the remainder when 27 is divided by (6/4)/((-8)/(-80))?
12
Let u(a) = -4*a + 3. Let o be u(2). Let y(r) = r + 10. Let s be y(o). Suppose -5 = -s*z - 0*z, 36 = k - 2*z. Calculate the remainder when k is divided by 13.
12
Calculate the remainder when 117 is divided by (-73)/(-3) - (10/3 - 3).
21
Suppose 17 = w + 5*j, 3*w - 14 - 107 = -j. Calculate the remainder when w is divided by 22.
20
Suppose 20 = h + 4*h. Let p(f) = -f**3 + 3*f**2 + 2*f - 4. Let t be p(3). Calculate the remainder when (-1 - -2) + 7 - t is divided by h.
2
Let w(m) = m**2 + 7*m + 20. Calculate the remainder when w(-9) is divided by 10.
8
Calculate the remainder when (2 + -4)/(-1 - 0) is divided by 2.
0
Let i be ((-6)/(-4))/((-9)/(-12)). Let s be ((-27)/(-15))/(i/10). Calculate the remainder when 8 is divided by 1/(-3) + 30/s.
2
Let g = 5 + -6. Calculate the remainder when (-4)/6 + 17/3 is divided by 1*g + 12/3.
2
Let w = 124 - 84. What is the remainder when 156 is divided by w?
36
Let s be 1/(-2)*(-4 + 0). Suppose s*r + 2 = y - 9, 5*r + 19 = 2*y. Let t = -42 - -48. Calculate the remainder when y is divided by t.
5
Let s = -21 + 40. Calculate the remainder when s is divided by 4.
3
Suppose -2*l - 2*h + 32 = 0, -l + 3*h - 22 = -2*l. Let q be ((-3)/(-2))/(2/20). Suppose q + 10 = z. Calculate the remainder when z is divided by l.
12
Let v = -31 - -94. Calculate the remainder when v is divided by 16.
15
Suppose 4*i - 22 = -10. What is the remainder when 11 is divided by i?
2
What is the remainder when 2/(-6) - 38/(-6) is divided by (90/(-75))/(6/(-20))?
2
Suppose 3*x + 2*j = -2*j + 59, 4*x - 86 = 2*j. Let d = -4 + 13. Let b = x - d. Calculate the remainder when 23 is divided by b.
11
Suppose 3*r - 7 + 1 = 0. Let q = 4 + -4. What is the remainder when 25 is divided by (r + q)*(-26)/(-4)?
12
Let c = -2 - -2. Suppose 0 = -c*d + 4*d + 24. Calculate the remainder when 6 is divided by 4/d*3*-2.
2
Let w(y) = -10*y + 2. Suppose 116 = 5*n + 3*v, v = -n + 2*v + 20. What is the remainder when n is divided by w(-1)?
10
Let t(m) = -3*m**3 - 3*m**2 - 5*m - 3. Let p be t(-3). Suppose -74 = -4*j + p. Suppose 7*f - 171 = -2*f. Calculate the remainder when j is divided by f.
16
Suppose g + 0 - 1 = -2*d, -3*g + 4*d = -53. Suppose o = -o + 32. Let a = o - g. What is the remainder when 8 is divided by a?
3
Suppose -27 = -3*v + 15. What is the remainder when 69 is divided by v?
13
Let v(g) = 2*g**3 - g**2 - 4*g + 1. Suppose -14*j + 19*j - 45 = 0. Calculate the remainder when v(3) is divided by j.
7
Suppose -4*u + 65 = -2*u - 3*k, u - 2*k = 31. Let s = 3 - -10. Calculate the remainder when u is divided by s.
11
What is the remainder when 344/(-6)*(-6)/4 is divided by 22?
20
Let p(q) = -q**2 + 8*q. What is the remainder when 46 is divided by p(6)?
10
Let g = -34 + 143. Calculate the remainder when g is divided by 38.
33
Suppose b = 6*v - 4*v - 12, -12 = 3*v. Calculate the remainder when 29 is divided by -25*1/(b/8).
9
Suppose -5*v + 2*v = 0. Suppose 6*g = 3*g + 2*b + 47, v = 5*g - b - 76. Let u(h) = -7*h - 1. What is the remainder when u(-4) is divided by g?
12
Let t = 15 - 10. Let x(j) be the third derivative of j**4/8 - 11*j**3/6 + j**2. What is the remainder when x(8) is divided by t?
3
Suppose 8*h + 35 = 3*h. Let f = 10 + h. Calculate the remainder when f is divided by 3.
0
Suppose -14 = -0*b - b. Calculate the remainder when 1/((-2)/(-80) - 0) is divided by b.
12
Suppose -b = -2*b + 5*c - 5, -2*b - 2*c + 26 = 0. Let d(f) = -f**2 - 10*f - 6. Suppose 2*s = -8 - 0. What is the remainder when d(s) is divided by b?
8
Let n(g) = 6*g**2 - g - 1. Suppose 0*k + 1108 = 4*k. Suppose -k + 30 = -5*y + 2*c, 3*y = -5*c + 142. Calculate the remainder when y is divided by n(-2).
24
Calculate the remainder when (-3498)/(-15) + (-3)/(30/2) is divided by 26.
25
Suppose 23 - 31 = -4*q. What is the remainder when q is divided by 1?
0
Let k(s) = s**3 - s**2 + s + 32. Let r be k(0). Suppose -2*a = -3*l, -2*a - 2*l - 3*l + r = 0. What is the remainder when 16 is divided by a?
4
Let n(s) = 27*s - 2. Let y be (7/(-2) + 3)*4. What is the remainder when n(3) is divided by 3/1 + y - -19?
19
Let g = 3 + 8. What is the remainder when 43 is divided by g?
10
Let g = 291 + -207. Calculate the remainder when g is divided by 29.
26
Let q(m) = -2 - 2 + 5 + 9 - 2*m. Let r be q(-7). Let y = r - 6. What is the remainder when 34 is divided by y?
16
Calculate the remainder when (-471)/(-15) - 6/15 is divided by 17.
14
What is the remainder when 2 + -1 + 114/3 is divided by 8?
7
Suppose -3 = s - 10. Let c = 10 + s. What is the remainder when c is divided by 9?
8
What is the remainder when 122 is divided by 12/(-9)*-3 - -21?
22
Let b(n) = n**2 - 6*n - 25. What is the remainder when 147 is divided by b(11)?
27
Let s(m) = -m**3 - 10*m**2 + 11*m + 8. Calculate the remainder when 62 is divided by s(-11).
6
Let x = 19 - 13. Calculate the remainder when 2/(-9) - 146/(-9) is divided by x.
4
Let t = 19 + -3. Suppose -3*u - v + 31 = v, 0 = 4*v + t. What is the remainder when 23 - (-2)/(-2)*-1 is divided by u?
11
Suppose -4*v = -3*w - 114, 0*w - 5*w - 20 = -v. Calculate the remainder when ((-10)/(-6))/(2/v) is divided by 166/18 - (-4)/(-18).
7
Suppose 5*p + 52 = 12. Let x be (3 + -1)/(4/p). What is the remainder when x/(-22) - 251/(-11) is divided by 12?
11
Suppose m - 37 = 7. What is the remainder when m is divided by 9?
8
Let k(l) = -l**2 - 6*l + 2. Let s be k(-3). Let c = s + -6. What is the remainder when 13 is divided by c?
3
Calculate the remainder when ((-4)/6)/((-8)/396) is divided by 17.
16
Let n(w) = 0 - 5*w - 3 - w - 2*w. What is the remainder when n(-2) is divided by 4?
1
Let k be (-40)/6*36/(-8). Suppose -5*j + 2*z = -313, k = 2*j - 4*z - 92. Calculate the remainder when j is divided by 16.
15
Le